the tens digit of 14/z*(-3 + 174/(-4))?
3
Let q = -18 - -46. Suppose 5*p = g + 2*p - q, -p - 140 = -5*g. Suppose 0 = w + g - 30. What is the units digit of w?
2
Let r(f) = -4*f - 23. Let b be r(-7). Suppose -3*u - 3 = b*m, 0 = -0*m + 4*m - 3*u - 3. Suppose 12 = -m*t + 6*t. What is the units digit of t?
2
Let q = 2128 - 1295. What is the hundreds digit of q?
8
Suppose -2*t + 16 = 4*a, a - 6*a + 13 = -t. Suppose 3*u - 17 = u - a*j, j + 17 = 5*u. Suppose 12 = -4*k, -u*d + 211 = -0*k - k. What is the tens digit of d?
5
Let y(p) = 1293*p - 12. Let n be y(1). Suppose 0 = f + 4*o - 112 - 194, -4*f + 3*o + n = 0. What is the tens digit of f?
1
What is the units digit of ((-8)/5 - -2)*18530?
2
Suppose -26 = -c - 18. Suppose 5*z = -4*x + 2044, -4*z = -6*z - c. What is the hundreds digit of x?
5
Let w(f) = 301*f**2 - 120*f + 121. What is the hundreds digit of w(1)?
3
Suppose 2*r - 80 = -2*v + 392, -4*v = -5*r - 953. Suppose -119*b = -116*b - v. What is the units digit of b?
9
Suppose 0 = 12*t - 84 - 72. Let l(w) = 3*w**2 - 2*w + 10. What is the units digit of l(t)?
1
What is the tens digit of 179798/4 + ((-258)/12 - -19)?
4
Let x = 6813 + -3. What is the hundreds digit of x?
8
Suppose 3*h - 59566 = -2*k, -16207 = -2*h + 2*k + 23497. What is the hundreds digit of h?
8
Let s = -59 + 44. Let c = s + 158. What is the tens digit of c/3 + (-4)/(-3)?
4
Let r(m) be the third derivative of m**4/24 - 11*m**3/6 + 5*m**2. Let b be r(12). What is the tens digit of 221/(-26)*b/((-1)/8)?
6
Suppose 0 = 4*v + 4*v + 8. Let x be (7 - 4 - 79/v)*4. Suppose -32 = 8*r - x. What is the units digit of r?
7
Let m = 33 + 56. Let h = m - 70. What is the tens digit of h?
1
Suppose -h + 43837 = -3*b, 26*h + 3*b - 87755 = 24*h. What is the thousands digit of h?
3
What is the units digit of ((-7389)/12)/(51/(-3808)*7)?
8
Let j be (383/(-4))/((-15)/420). Suppose -5*r - 4*b + 2676 = 0, -5*r + b = -0*b - j. What is the units digit of r?
6
Suppose -2*y + 6*v + 5578 = 0, -5*y + 13869 = -10*v + 14*v. What is the hundreds digit of y?
7
Let o be (39 + -33)*(-1)/((-6)/598). Suppose -o*r = -592*r - 6882. What is the hundreds digit of r?
1
Suppose -2*l = -3*x - 63, -x + 5 = -l + 26. What is the units digit of (2/(-4)*x)/(13/156)?
6
Let m(b) = -3*b**3 - b**2 - 12*b - 21. Let g be m(-7). Suppose -3221 + g = -6*r. Suppose 10*l + l - r = 0. What is the tens digit of l?
3
Suppose 4*a - 5 = 11. Suppose 3*t + 2*i = -2*i + 600, -t = -a*i - 200. What is the tens digit of t?
0
Let m(j) be the second derivative of -j**2 - 1/20*j**5 + 0 + 14*j - 5/6*j**4 + 4/3*j**3. What is the units digit of m(-11)?
1
Let s be 2*235/(-10)*-1. Let u = s - 22. Suppose 85 = 2*k + 3*x, k - u = 4*x - 2*x. What is the tens digit of k?
3
What is the units digit of (494459/3)/7 - 576/(-432)?
7
Let r(l) = -9*l + 82. Let i be r(8). What is the hundreds digit of (8/3)/(15/(22725/i))?
4
Let v = -8835 - -18697. What is the units digit of v?
2
Suppose 5*p - 167 = 118. Suppose 0 = 2*w + 2*w - 5*x - 344, 3*x - 150 = -2*w. Let o = w - p. What is the tens digit of o?
2
Suppose -39*o = 5*g - 34*o - 20430, o + 8184 = 2*g. What is the hundreds digit of g?
0
Let q be 324/(-90) + 3/5. What is the tens digit of -7 - q - (-6 - -3 - 157)?
5
Let h = -13 - 38. Suppose 4*b = -3*x + 647, -89*b + 94*b - 810 = -5*x. Let o = h + b. What is the tens digit of o?
1
Suppose -4*q + 18 = -38. Suppose -q*p + 16*p = -214. Let u = -96 - p. What is the units digit of u?
1
Let l be 4 - (171 - -5)/(-1). Suppose 2*y + 3*y = 2*j - 424, -4*y = 2*j + 332. Let d = l + y. What is the units digit of d?
6
Let b(v) be the second derivative of 5*v**3/3 - v**2 + 14*v. Let x be b(1). Suppose -630 = -g - x*g. What is the tens digit of g?
7
Let l(w) = -w**3 + w**2 + 2*w + 2. Let j be l(0). Suppose -9*h + 22 = j*h. Suppose -3*s + 98 = 2*d, -3*s + h*d = s - 154. What is the units digit of s?
6
Suppose -8112 = 174*z - 64*z - 143412. What is the hundreds digit of z?
2
Let n = -51107 - -94446. What is the ten thousands digit of n?
4
Suppose 0 = 27*j + 179 - 584. What is the units digit of ((-1422)/j)/((-10)/25)?
7
Let d(u) = -33*u**2 - 21*u + 45 - u**3 + 0*u**3 + 56*u**2. What is the thousands digit of d(19)?
1
Let o(h) = h**3 - 10*h**2 + 9*h + 10. Let v be 61/7 + -1 + 20/70. Let f be o(v). Let p = f - -93. What is the tens digit of p?
4
Let l = 354 + -490. What is the units digit of (l - -284)/(2/18)?
2
Suppose -3*i - 13 = -5*m - 4*i, 2*m - 8 = i. What is the units digit of (m/((-18)/4))/(48/(-144))?
2
Let r(c) = -c**2 + 8*c - 7. Let t be r(1). Suppose -5*j - 4*k + 2155 + 1329 = 0, j + k - 697 = t. What is the hundreds digit of j?
6
Suppose -3*q + 2*a + 2319 = -a, 5*a - 3835 = -5*q. Let x = -527 + q. What is the hundreds digit of x?
2
Let d(f) = f**3 - 108*f**2 - 13*f - 2043. What is the thousands digit of d(110)?
0
Let h = 35 + -32. Let b(x) = 10*x + 10. Let o be b(h). Let a = 111 - o. What is the tens digit of a?
7
Let y(v) = 148*v + 1029. What is the tens digit of y(19)?
4
Let j = 645 + -646. What is the hundreds digit of 1*j/5*-2855?
5
Suppose 400 = w - 5*m, 0*w + 1120 = 3*w + 5*m. Let i = w - 203. What is the hundreds digit of i?
1
Suppose -11*j = 2*j - 23*j + 29190. What is the thousands digit of j?
2
Let w(k) = 11*k - 14. Let d be w(6). Suppose 0 = -63*o + 67*o - d. Let x = 19 + o. What is the units digit of x?
2
Let k(b) = 75*b**2 + 23*b - 3. Let f be k(-5). Let y = f + -1104. What is the tens digit of y?
5
Let x(d) = 404*d**2 - 107*d - 234. What is the thousands digit of x(-3)?
3
Suppose -15*n + 1531140 + 442300 = 41*n. What is the units digit of n?
0
What is the hundreds digit of ((-161447)/(-38) - (-12)/(-8)) + 22/(-209)?
2
Suppose 0 = 5*m - 54867 - 55664 + 35256. What is the tens digit of m?
5
Let q(m) = m**2 - 43*m + 121. What is the hundreds digit of q(-65)?
1
Let v(i) = i**2 - i - 50. What is the units digit of v(19)?
2
Let t(d) = -4*d**2 + 18*d - 6. Let m be t(3). Suppose -121 = -5*z + 5*s + 99, -3*s - m = 0. Suppose -k + 171 + z = 0. What is the hundreds digit of k?
2
What is the thousands digit of ((-77022)/(-55))/(4/6*36/540)?
1
Let p be (-1)/(2 + 16355/(-8180)). Let l = -311 - p. What is the tens digit of l?
2
Let j = -2737 + 9380. What is the tens digit of j?
4
Let z = 452 - 224. Suppose 0 = d + 5*d + z. What is the tens digit of ((2 + d)/(-1))/((-24)/(-16))?
2
Let b(d) = 5*d**3 + 3*d**2 - 3*d + 3. Suppose 0 = -66*c + 70*c - 88. Suppose -25*f = -c*f - 9. What is the units digit of b(f)?
6
Suppose r - 10497 = -2*w, -2*r + 235*w + 20952 = 232*w. What is the hundreds digit of r?
4
Let v(c) = 19*c**2 - c + 12. Let s be v(4). What is the units digit of s + 18/(18/3)?
5
Let b(p) = 4*p**3 - 58*p**2 - 49*p + 330. What is the thousands digit of b(25)?
5
Suppose 47333 = 4*b - h, -h - 2*h = 3. What is the tens digit of b?
3
Let u(g) be the first derivative of -25/2*g**2 - 40*g + 6. What is the hundreds digit of u(-8)?
1
Let w = 14641 - -15721. What is the thousands digit of w?
0
Suppose -86*n + 83*n + 12 = 0. Suppose n*b + 19*l - 16*l - 133 = 0, -4*b + 112 = -4*l. What is the units digit of b?
1
Suppose -2*z + 4 = 3*n - n, -2*n - 5*z = 5. Suppose -p + 5219 = n*t + 499, 15 = 3*p. What is the hundreds digit of t?
9
Let n(z) = -z**3 + 30*z**2 - 3*z + 90. Let v be n(30). Suppose 24*q - 3611 - 13045 = v. What is the units digit of q?
4
Let r = -333 + 335. What is the tens digit of 52/r - (6 - 10)?
3
Suppose 4*d = 3*d + v - 2, -34 = -3*d - 5*v. Suppose -3*r + 6*r + 36 = 3*p, d*r + 5*p = -52. What is the tens digit of r/(-42) - 167/(-3)?
5
Let h be (-4*4/6)/((-14)/21). Let l be (100 - h)*(0 - 1/1). Let m = 81 - l. What is the units digit of m?
7
Let h be (0 + 0 + -7)*(-101 + -36). Let f = 1540 - h. What is the tens digit of f?
8
Suppose -5*q + 10 = -2*m, -5*m + 2*q = -2*q + 8. Suppose m = -5*h + 2*b + b + 273, 5*b = -5. Let n = -19 + h. What is the tens digit of n?
3
Suppose -4*a = -2*a + 68. What is the tens digit of (-4)/a - (-280)/(-68) - -235?
3
Suppose 26*w = 6709 + 56809. Suppose r + 2*r + 2453 = 2*j, 0 = -2*j + 5*r + w. What is the thousands digit of j?
1
Suppose 0 = 47*s + 21259 - 234545. What is the thousands digit of s?
4
Let z(n) be the third derivative of n**5/5 - n**4/4 - 13*n**3/3 + 59*n**2. What is the units digit of z(-10)?
4
Let o = -449 - 182. Let u = o + 1141